). What is the greatest common divisor of c and 68?
17
Suppose 3*q - 2*y + 49 = 0, 2*y + 25 = 4*q + 91. Let g = 19 + q. Suppose 5*k - 6 = g*k. Calculate the greatest common divisor of 10 and k.
2
Let w be 3167/4 - (-1)/4. Let h be w/40 + (-3)/(-15). What is the greatest common divisor of h and 5?
5
Let w be (-1872)/(-27)*27/6. What is the highest common divisor of w and 39?
39
Let n = 276 - 264. What is the greatest common factor of 336 and n?
12
Let m(v) = -v - 29. Let r be m(-17). Let t = r - -38. Calculate the greatest common factor of t and 52.
26
Let u be -1 - (5085/(-35) - (-2)/7). Suppose -2*t + 4*d + 48 = 0, -2*t = -d - d - 42. Calculate the highest common factor of u and t.
18
Let g(j) be the third derivative of j**5/30 - j**4/3 - 7*j**3/6 + 30*j**2. Let s be g(7). What is the greatest common factor of s and 140?
35
Let r be 68/18 + 6/27. Suppose -3*o + 21 = 3*d, -d = -5*d + r*o + 36. Suppose -15 = 3*a - d*a. Calculate the highest common divisor of 21 and a.
3
Let l(m) = m - 7. Let p be l(5). Let y = 20 + p. What is the highest common factor of y and 3?
3
Suppose 10*d - 11*d + 76 = 0. What is the greatest common factor of 114 and d?
38
Suppose 0 = 12*g - 13215 + 2295. Calculate the greatest common factor of g and 40.
10
Suppose 4*y = -5*f - 3, -2*f - 9 - 9 = -4*y. Suppose 0 = -y*k + 28 - 13. Suppose -3*b + k*b - 16 = 0. Calculate the greatest common factor of 88 and b.
8
Suppose 0 = 4*u - 2*v - 104, -5*v - 68 = -2*u. Calculate the highest common divisor of 1128 and u.
24
Let m = 31 - 29. Suppose -m*w = -10 - 12. Calculate the greatest common factor of w and 88.
11
Let q be -6 + -2 - (-60)/6. Calculate the greatest common factor of q and 11.
1
Let v be -4 + 6/(-21)*-28. Calculate the greatest common factor of v and 604.
4
Suppose 2*k = 7*k - 25. Let h = k + 9. What is the greatest common factor of h and 98?
14
Let c = 44 + -40. Suppose 1364 = c*n - 2*s, 3*n = s + 247 + 776. Calculate the highest common factor of 31 and n.
31
Suppose 8*b = -536 + 1096. Calculate the greatest common factor of b and 10.
10
Let n = -21 - -22. Let a be (n - 0) + (6 - 3) + 58. What is the greatest common factor of a and 62?
62
Suppose 0 = 3*m - j - 51, -5 = -j - 2. Calculate the highest common factor of m and 45.
9
Suppose 0 = c - 3 - 1. Let o = 87 + -56. Suppose -4*b + 52 = 4*i, 3*i + o = 3*b - 2*i. Calculate the greatest common divisor of b and c.
4
Suppose 0 = -3*o - 5*f + 1126, f + 2528 - 670 = 5*o. Calculate the greatest common factor of o and 12.
12
Let a(w) = 3*w**2 - 26*w + 44. Let h be a(7). What is the highest common factor of 24 and h?
3
Suppose u - 16*w + 11*w = 52, -5*u + 180 = -5*w. What is the highest common divisor of u and 6?
2
Suppose 0 = k - 5*i - 25, 5*k + i = 8 + 13. Suppose z = 4*b - k*b + 14, -3*b = -5*z + 70. What is the greatest common divisor of 14 and z?
14
Let x = -245 - -278. Calculate the greatest common factor of 11 and x.
11
Let r(a) = -3*a**3 + 2*a**2 - a - 2. Let q = -28 - -27. Let t be r(q). Calculate the highest common factor of 44 and t.
4
Suppose -21*j = -17*j - 108. Let y(t) = 18*t**3 - 3*t**2 + 2*t - 1. Let g be y(2). What is the highest common divisor of j and g?
27
Let w be (-8)/(-8)*(8 - -2). What is the highest common divisor of w and 220?
10
Let d be 36/16 + (-1)/4. Let z be -31 - (-1 - 2/1). Let i be (-133)/z - d/(-8). Calculate the greatest common divisor of 45 and i.
5
Let s be 2 + (-2)/(-4)*38. Suppose -4*k + k = -12. Let x(r) = -r + 7. Let l be x(k). What is the greatest common factor of l and s?
3
Let i(v) = -v**3 - 10*v**2 + 71*v - 45. Let o be i(-15). Let c = -2 + -1. Let r be 0 + 92 - (c + 5). Calculate the highest common factor of r and o.
15
Let y = -13 + 18. Suppose -h - 6 = m + 11, 79 = -y*m - 2*h. Let l = m - -27. Calculate the highest common factor of 18 and l.
6
Let r = 4 + 7. Suppose -r = -d - 4*u, 0 = d + 3*u - 10 - 0. Let b = d - 0. Calculate the greatest common divisor of 7 and b.
7
Let i be 3/(-12)*(-3 - -5)*-22. What is the highest common divisor of i and 88?
11
Let z be 1/(((-9)/(-42))/((-144)/56)). Let r(t) = -t**3 + 0*t - 4 - 3*t - 12*t**2 - 4*t. Let q be r(z). What is the highest common divisor of 16 and q?
16
Suppose 3*j + 2*z = 98, j + 2*z + 112 = 5*j. Suppose -5*h - 140 = -4*t, 2*t + 4*h - 56 = t. Calculate the greatest common divisor of j and t.
10
Let v(g) = g**3 + 10*g**2 + 1. Let r be v(-10). Let l be (12 - 0) + (2 - r). Suppose -l = 2*j - 73. What is the greatest common factor of j and 75?
15
Let s(h) = h**3 - 2*h**2 - 3*h. Let g be s(4). Let n = 29 - g. Let i(y) = -y + 84. Let l be i(-15). What is the greatest common divisor of n and l?
9
Let a(q) = 3*q + 3*q - 4*q + 40 - 5*q. Let z be a(7). Calculate the greatest common divisor of 133 and z.
19
Let k be ((-136)/12 - -6)/(2/(-3)). What is the highest common divisor of k and 136?
8
Let o(m) = -7*m - 95. Let a be o(-15). Suppose a*u - 40 = 2*u. Suppose 0 = 5*v - 4*k - 48 - 43, 27 = v - 3*k. What is the highest common divisor of u and v?
5
Let i = -611 + 686. Calculate the greatest common divisor of i and 400.
25
Let v(z) = -4*z + 2. Let m be v(2). Let i be 6920/32 - m/8. Let q = 379 - i. What is the greatest common factor of 18 and q?
18
Suppose -17*c + 1024 = -3600. What is the greatest common divisor of 17 and c?
17
Let b(w) = 21*w**2 - 143*w + 24. Let v be b(7). Calculate the greatest common divisor of v and 130.
26
Suppose -5*t = -3*t - 34. Suppose a + 3 = t. What is the highest common factor of a and 14?
14
Let d be (-6)/4*(0 + (-4)/(-6)). Let i(z) = -z**3 + z + 2. Let h be i(d). Calculate the highest common divisor of 14 and h.
2
Let v = 115 + -91. What is the greatest common factor of 72 and v?
24
Let l(q) = 12*q + 2. Let w be 16/6 + (-4)/6. Let z be l(w). Let j = -14 + z. What is the highest common factor of j and 12?
12
Let m = -2788 + 2850. What is the highest common factor of m and 1643?
31
Let i be 135/6*18/15. Let u be (4 + -5)/((-3)/i). Let y be u*(0 + 3 + -2). Calculate the greatest common divisor of y and 99.
9
Let s be 3 + 0 + -19 + 18. Let v be 4 - (-1)/s*2. Calculate the greatest common divisor of v and 5.
5
Suppose -92*u - 1000 = -97*u. Calculate the highest common factor of 40 and u.
40
Suppose -6*m = 3*m. Suppose -2*c + m*p = -3*p - 132, 0 = -c - 3*p + 48. Suppose -2*b - 2*b = -48. Calculate the greatest common factor of b and c.
12
Let z(i) = -1528*i + 89. Let b be z(-1). What is the greatest common divisor of b and 154?
77
Let y(i) = 164*i - 312. Let g be y(2). What is the highest common divisor of g and 632?
8
Suppose 0*z + 16 = 2*y - 2*z, 5*y + z - 58 = 0. Let m(q) = -60*q + 1. Let f be m(-2). Calculate the highest common factor of y and f.
11
Let f = 730 + -715. What is the greatest common factor of 1185 and f?
15
Let g(m) be the first derivative of -m**4/4 + 3*m**3 + 13*m**2/2 - m - 5. Let c be g(10). Suppose c + 19 = 3*o. Calculate the highest common divisor of o and 2.
2
Let l(y) = 3*y**2 + 34*y - 182. Let i be l(-24). Calculate the highest common factor of i and 20.
10
Suppose -6 = -o - 4. Let i be o - -2 - (1 - -1). What is the highest common factor of 5 and i?
1
Let m be (84/(-15))/((24/5)/(-12)). Suppose -56 = -7*t + 3*t. Calculate the highest common factor of m and t.
14
Suppose 5*s - 255 = j, -4*j - 210 = -4*s - 2*j. What is the greatest common factor of 75 and s?
25
Let p = -900 - -916. What is the highest common divisor of 1712 and p?
16
Let u = 3 - -6. Let o = 53 - 51. Suppose 0 = 2*p + x + o*x - 213, p + 3*x = 114. What is the highest common factor of u and p?
9
Let u(s) = -9*s - 32. Let p be u(10). Let q = p - -356. Calculate the greatest common factor of q and 26.
26
Let x be 12 + 143/22 + 6/(-4). Calculate the highest common factor of x and 272.
17
Suppose -11*h + 8*h + 48 = -4*b, 64 = 4*h + 4*b. Suppose 8 = 3*u - u. Suppose u + 12 = d. Calculate the highest common factor of d and h.
16
Let h = -30 + 32. Suppose 0 = h*w + w. Suppose w*s = 3*y + s - 91, 0 = 4*s - 4. Calculate the highest common factor of y and 45.
15
Let p(y) = y**2 + 14*y + 37. Let r be p(-10). Let w be (-6 + 75/20)/(r/56). What is the greatest common factor of w and 14?
14
Let u = 2280 - 2005. Calculate the greatest common factor of u and 500.
25
Let m be 6 + -3 + 1*52. Let q = -225 + m. Let n = 46 - q. What is the g